(s)?
8
Let l(j) be the first derivative of j**4/12 + j**3/6 + 3*j**2/2 + 21*j - 6. Let k(y) be the first derivative of l(y). Calculate k(-4).
15
Let a(g) = -2*g**2 + g + 4. Suppose -4*f + 5*u - 8 = -f, 2*u = 3*f + 14. Let z = -9 - f. What is a(z)?
-17
Let m(o) = -3 + 0*o**3 + 16*o**2 - 6*o**2 + o**3. Suppose -1133*y = -1128*y + 50. Calculate m(y).
-3
Let s be (-20)/(-4 - 1) + -2. Let f(k) = 2 + 13*k + 5*k**s - 6 - 6*k - k**3. Determine f(6).
2
Let x(b) = 7*b + b**3 - 2*b - 12*b - 2*b + 14 - 4*b**2. Calculate x(5).
-6
Let i(a) be the second derivative of a**3/6 - 29*a**2/2 - 132*a. What is i(0)?
-29
Let l = -541 - -531. Let c(w) = w**3 + 11*w**2 + 9*w - 4. Determine c(l).
6
Suppose 2 = 3*s - 4*a - 2, -3*a = 5*s - 26. Suppose m + m = -2*c - s, -3*m = 15. Let n(b) = 2 - 2*b + b - b**2 - 3 + 3*b**2 + b**c. What is n(-2)?
1
Let t(w) = -w**3 - 6*w**2 + 2*w. Let a(m) = 3*m**3 - 7*m**2 - 20*m - 5. Let v be a(4). Calculate t(v).
-35
Suppose -2 = n + 5*l, -2*n = -3*n - l + 2. Let x(g) = g**n - 7 - 12 + g + 13 + 6*g**2. Let r be 13/(-3) + 12/(-18). Give x(r).
14
Let y(i) = -7*i - 2. Let m(g) = 13*g + 3. Let u(q) = -6*m(q) - 11*y(q). Suppose 0 = -4*r + 5*z - 7, 0 = z + 3*z - 12. Give u(r).
2
Let o(m) = -m - 1 + 20*m**3 - 12*m**3 - 7*m**2 - 5*m**3 + 0 - 4*m**3. Give o(-7).
6
Let u(d) be the second derivative of d**5/120 + d**4/8 + 3*d**3/2 + 22*d. Let t(h) be the second derivative of u(h). What is t(-6)?
-3
Let s(o) be the first derivative of -4*o - 3/2*o**2 + 1/3*o**3 - 52. Determine s(5).
6
Let t(k) = -5*k**2 - 5*k**3 - 2 + 2*k**3 + 5*k**3 + k**3 + 2*k. Let i(s) = 7*s**3 - 11*s**2 + 4*s - 4. Let d(j) = 4*i(j) - 9*t(j). Calculate d(-3).
-10
Let y(p) = -16*p + 9. Let a(b) = 45*b - 25. Let n(m) = 4*a(m) + 11*y(m). What is n(-6)?
-25
Let a be 1508/(-100) - (-6)/75. Let n(o) = o**3 + 14*o**2 - 15*o - 4. Give n(a).
-4
Let m(d) = 3*d**3 + d**2 - 2*d + 1. Let y be (-2)/(-8)*4*-5. Let u(q) = -q - 2. Let p be u(y). Suppose 0 = 2*w + p*n + 7, 4*w + w + 7 = -4*n. Give m(w).
3
Let p = -1213 + 1211. Let b(h) = h**2 + 3*h + 1. Calculate b(p).
-1
Let t = 15 + -12. Let n(j) = -5 - j**2 + 2*j - 3*j + t. Let w be n(-2). Let m(u) = u**3 + 3*u**2 - 2*u + 4. Calculate m(w).
-4
Suppose 2*g + 0*g = -20. Let x be (-8)/g*40/16. Let j(m) = -1 + m + m + m. What is j(x)?
5
Let y(i) be the first derivative of -3*i**2 + 10*i - 162. Give y(9).
-44
Let b(a) = 5*a**3 - a**2 + a + 1. Suppose 32*h = -4*u + 31*h + 1, 2*h = -4*u + 6. Calculate b(u).
-6
Let a(u) be the second derivative of 5*u**2 + 1/20*u**5 - 7/12*u**4 + u + 0 + 0*u**3. Give a(7).
10
Let c(p) = -p**3 - 14*p**2 - 52*p - 14. Let z be c(-7). Let r(j) = -j**3 + 6*j**2 + 8*j - 10. Determine r(z).
-3
Let c(i) = -i**3 + 6*i**2 + 3*i - 2. Suppose 0 = -4*z - 10 - 6, 0 = 2*p - 4*z + 240. Let s be 2/3 - p/24. Give c(s).
16
Let v be 78/21 - 42/(-147). Let s(w) = 8*w**2 - 10*w - 1. Let a(i) = 7*i**2 - 9*i - 1. Let l(y) = 7*a(y) - 6*s(y). Give l(v).
3
Let k be -1*((-9)/3 + 2). Let w(a) = a + 1. Let g(u) = -u. Let z(m) = k*w(m) + 3*g(m). Determine z(2).
-3
Let h(v) = -3*v + 80*v**3 + 2*v - 2 - 79*v**3. Determine h(-2).
-8
Let m(q) = -q - 13. Suppose -1 = 4*o - 3*o. Let f(j) = 1. Let z(g) = o*m(g) - 3*f(g). Calculate z(-5).
5
Suppose 8 = i + i. Let n(v) = 3*v + i - 4*v - 4*v + v**2. Let l(m) = -m + 1. Let k(f) = 4*l(f) - n(f). Give k(-1).
-2
Let w(r) = -10*r**3 + 7 + 11*r**3 - 1 - 3*r - 8. Let j be 96/9 - (-2)/(-3). Suppose -2*z + j = -7*z. What is w(z)?
-4
Let k be 11*(-4)/(-418) - (-4)/(-38). Let p(x) = -x**3 + x + 32. Calculate p(k).
32
Let g(k) = -k**3 + 10*k**2 - 10*k + 10. Suppose 2*q + 32 = 4*j - 0*q, -4*j = 4*q - 44. Let v be g(j). Let y(a) = 14*a**3 - 2*a + 1. Calculate y(v).
13
Let i be (-8)/(-3)*198/(-132). Let l(q) = -3*q**2 - 5*q - 3. What is l(i)?
-31
Let l = 535 + -533. Let u(t) be the first derivative of -1/4*t**4 - t**2 + l*t**3 - 7 + 4*t. What is u(6)?
-8
Let t(x) = -x**3 - 2*x**2 + 39*x - 14. Let o be t(5). Let w(p) be the second derivative of 1/2*p**2 + 0 - 1/2*p**4 + 7/6*p**3 - 1/20*p**5 + o*p. What is w(-7)?
1
Suppose -4*w + 5*d + 43 = 0, -3*w + 2*d + 31 = 4. Let o(a) = -6*a + 31. Calculate o(w).
-11
Let s = -68 - -75. Let x(u) = u - 8 + u + 0. Determine x(s).
6
Suppose 0 = 3*i - 5*w + 15, -i - 3 = -36*w + 35*w. Let j(k) = 7 - k**2 - k - 1 + 0*k. Give j(i).
6
Let l(w) = 10*w**3 - 5*w**2 - 7*w + 4. Let h(q) = q**3 + q**2 + q - 1. Suppose -5*k + 8 = 3*k. Let d(n) = k*l(n) + 5*h(n). Calculate d(-1).
-14
Let h = 16 - 8. Suppose 5*f + 14*f = 1425. Let m be h/36 - f/(-27). Let b(q) = q**3 - 4*q**2 + 2*q + 2. Determine b(m).
-1
Let y(r) = -23 + 47*r + 72*r - 118*r. Determine y(17).
-6
Let v(g) be the first derivative of g**2 + 7*g + 82. Give v(-2).
3
Suppose 58 = -15*z + 163. Let w(t) = -6*t. What is w(z)?
-42
Suppose -3*r - 5*b = 22, -2*r - 47*b - 8 = -42*b. Let d(w) = w**3 + 14*w**2 + w + 3. Calculate d(r).
-11
Let m(y) = -y**3 - y**2 - 3. Let k = 230 + -230. Determine m(k).
-3
Let s(q) = 7*q**3 + 2*q**2 + q + 2. Let z be -7*((-30)/35)/(-3). Determine s(z).
-48
Suppose -x = 4*g - 20, 0 = 5*x + 3*g + g - 36. Suppose 3*o = y - 2*y - 11, 0 = 2*o - y + x. Let z(b) = b**3 + b**2 - 4*b + 1. Determine z(o).
-5
Let l be 3*(9 + -5)*(-12)/(-2). Let q = l + -66. Let i(n) = 4 - 6*n - 4 + n**2 + 9. Determine i(q).
9
Let u = -4 - -6. Let m(g) be the first derivative of 3 + 1 + u*g**2 - 1 + 5*g. Determine m(-4).
-11
Let o(h) = 4 + h + 0*h + 4 - 6. What is o(-5)?
-3
Let p(g) = g**3 - 4*g**2 - 3*g + 1. Suppose m - 2 = 3. Let s be p(m). Suppose 5*o = -14 - s. Let v(x) = x + 2. What is v(o)?
-3
Let x(i) = i**3 - 2*i + 3. Let s = 14 + -12. Determine x(s).
7
Let w(i) be the second derivative of 10*i + 0*i**4 + 0*i**3 + 0 - i**2 - 1/10*i**5. Let s(z) = z + 6. Let q be s(-8). Determine w(q).
14
Let c(y) = 14 - 3 - y + 13 + 0*y. Give c(12).
12
Let r(p) = 2*p + 2*p - 5*p. Suppose j + 4 = 1. Let t = -4 - j. Give r(t).
1
Let c(z) = z**2 + 6*z - 8. Let h(a) = a**2 + 5*a + 20. Let q be h(-7). Suppose -4*d + 12*l - 14*l - q = 0, 0 = -3*d - 3*l - 27. Calculate c(d).
8
Let d(o) be the first derivative of -5*o**3/3 + 2*o**2 + 4*o - 220. Determine d(-1).
-5
Let u(f) = -2*f**2 + 2*f + 5. Suppose 7*b + 104 = 76. What is u(b)?
-35
Let g(l) be the second derivative of -l**3/6 + l**2/2 + 116*l. Determine g(-14).
15
Let g(w) = w**2 - 6*w + 4. Suppose -24 = -t + 5*s, -4*s = -5*t + 2 + 34. Calculate g(t).
-4
Let j(f) = 5*f**2 + f + 1. Let q be j(1). Let x(h) = 1 + q*h**2 - 17*h**2 + 11*h**2 - 2*h - 6*h**3. What is x(1)?
-6
Let p(q) = -9*q**2 - 2*q - 1. Let o = -642 + 640. Give p(o).
-33
Let x(r) be the second derivative of r**6/360 - 7*r**5/120 + 5*r**4/24 + 5*r**3/6 + 52*r. Let t(b) be the second derivative of x(b). Determine t(8).
13
Let l(v) = -v**3 + 8*v**2 - 4*v + 2. Let k(w) = -w**2 + 3*w + 11. Let s be k(4). Determine l(s).
23
Let n(g) be the third derivative of -g**7/2520 - g**6/720 - g**5/15 - 10*g**2. Let b(w) be the third derivative of n(w). Suppose 2*l = 6*l + 8. What is b(l)?
3
Let i(n) = -n + 5. Let r(z) = 2*z**2 - 18*z + 2. Let h be r(9). Let t be h - 3 - ((-1)/1 - 5). Determine i(t).
0
Let x = -7 - -63. Suppose -9*q - 5*q = x. Let w(n) = -n**3 - 4*n**2 - 4*n + 1. Determine w(q).
17
Let b(t) be the third derivative of -t**5/60 - 5*t**4/24 + 2*t**3/3 + 169*t**2. What is b(-3)?
10
Let g(k) = -k**3 - 6*k**2 + 2. Suppose 0 = 3*a + 8 + 1, 2*m + 15 = -a. Calculate g(m).
2
Let q(t) = -2321169*t**2 - 2*t**3 - 4*t + t**3 + 2321176*t**2. What is q(5)?
30
Let k(h) = 33 + 16 + 11*h + h**2 - 39 + 0*h**2. What is k(0)?
10
Let f(q) = 31*q**2 + 13*q + 12. Let j(z) = -37*z**2 - 15*z - 13. Let w(a) = 6*f(a) + 5*j(a). Calculate w(-5).
17
Let o(x) = 23*x**2 - 122 + 23*x**2 - 11*x + 71 - 45*x**2. What is o(15)?
9
Let z(v) = -4 - 4*v + v**2 + 1 - 3*v**2 - 2. Let m(c) = -c**3 - 9*c**2 - 17*c - 21. Let j = 5 - 7. Let r(p) = j*m(p) + 9*z(p). What is r(-2)?
-15
Let h(q) be the third derivative of -q**6/120 + q**5/10 - q**4/24 + 5*q**3/6 + 365*q**2 - 2. Let x(y) = 5*y**2 + y. Let k be x(1). Give h(k).
-1
Let w(h) be the first derivative of h**6/360 - h**5/24 - h**4/6 + 29*h**3/3 - 21. Let j(r) be the third derivative of w(r). Calculate j(4).
-8
Let c(o) = 3*o + 3*o + 3 - o**2 + 0. Let n = 74 + -63. Let i = -8 + n. What is c(i)?
12
Let z(a) = a**3 - 4*a + 15242 - 3*a**2 - 